d derivative of 0 + 1/6*g**3 - 10*g - 1/2*g**2. Calculate n(2).
1
Let y be 4 + ((-14)/(-3))/(2/(-6)). Let c(g) = -g**2 - 10*g - 9. Give c(y).
-9
Let r(o) = 2*o**3 - 3*o**2. Suppose -6 = 20*y - 23*y. Give r(y).
4
Let a(z) be the second derivative of -z**4/12 + 5*z**3/6 - z**2/2 - z. Let k be (-115)/(-4) + 3/24*2. Suppose r + 25 = k. Calculate a(r).
3
Let u(t) = 7*t + 7. Suppose 21 + 19 = -20*l. Give u(l).
-7
Let h(g) = -g**3 - g - 4. Let t = 1461 + -1463. What is h(t)?
6
Let n be ((-248)/(-16) - 15)/(2/(-36)). Let a(f) = f**3 + 9*f**2 + 3. Calculate a(n).
3
Suppose -169 - 153 = 46*q. Let z(y) = -y**3 - 8*y**2 - 5*y + 9. Determine z(q).
-5
Let n(d) be the first derivative of 0*d - 8 - 1/2*d**2 + 2/3*d**3. What is n(-2)?
10
Let x(i) = 8*i**3 - i**2 + 1. Let u be ((-5)/(-2))/(11/22). Suppose u*q - 2*q - 6 = 0. Suppose q*o + 2 = 4. What is x(o)?
8
Let h(t) be the third derivative of t**4/24 + 5*t**3/3 - 178*t**2. Suppose -f - 3 = 3. What is h(f)?
4
Let x(r) = r**3 - r**2 - 10. Let b(j) = 5*j**3 - 5*j**2 - 50. Let l(p) = 2*b(p) - 11*x(p). Let d = -212 - -212. What is l(d)?
10
Let u(d) = d**3 - 16*d**2 + 14*d + 21. Suppose -4*l = -2*i + 14, 4*i - i - 4*l = 29. Give u(i).
6
Let k(j) = j - 1. Let x = -23 + 17. Let b = x + 9. Let l be k(b). Let a(v) = -v**3 + 3*v - 2. Determine a(l).
-4
Suppose -15*c + 11*c = -24. Suppose 4*i - 2*i + c = 0. Let t(n) = 6*n - 3*n - 4*n - 3. What is t(i)?
0
Let m(d) = d**2 + d - 7. Let l be 6/(-10)*(-10)/(-2). Let g(c) = 3*c + 9. Let o be g(l). Calculate m(o).
-7
Let x(q) be the second derivative of q**7/1260 - 11*q**4/12 - 16*q. Let t(d) be the third derivative of x(d). Determine t(-2).
8
Let p(c) = -c + 8. Let d be p(6). Let k be (-12)/78 - (-4)/26. Let i(j) = -j**2 + k*j**2 + 2953 - 2951. Calculate i(d).
-2
Let h = -1 - -1. Let a(w) = 0*w**2 + h - 3 - w**2 - w. Calculate a(0).
-3
Let j = 1163 - 1163. Let a(o) = -o**3 + o - 14. Determine a(j).
-14
Let t = 59 - 49. Let n(p) = 4*p. Calculate n(t).
40
Let o(b) = -b + 17. Let j be o(14). Suppose -3*c - 3*t + 3 = -6, -3*c - t + j = 0. Let k(g) = -g - 1. Calculate k(c).
-1
Let g(k) = -24*k**3 + k**2 + k. Let l be g(-1). Let z = l + -19. Suppose -10 = 2*q - 2*x, 3*q - z*x + 4 = -21. Let w(f) = f**3 - f**2 + 7. What is w(q)?
7
Suppose -71 = 8*o + 41. Let p(i) = i + 10. Determine p(o).
-4
Let s(p) = -p**2 + 4*p + 1. Let g be 36/9 - (-8 - 0). Suppose -4*t - t = -20, 2*j + g = 5*t. Give s(j).
1
Let y = 0 - -1. Suppose 21*x + 28 = 23*x. Let b(d) = -7*d + 3 - 2 - 8*d + x*d. Give b(y).
0
Let i(j) = -j**2 + j - 5. Let x = -835 + 840. What is i(x)?
-25
Let t(p) be the second derivative of -p**5/20 + 7*p**4/12 + 4*p**3/3 + 5*p**2/2 - 44*p. Calculate t(8).
5
Let y = 48 + -45. Let j(g) = y*g - 4*g - 20 - g**2 - 20 + 43. Calculate j(-3).
-3
Let h(v) = -15 + 0*v**2 - 3*v**2 - 5*v + 16 + 2*v**2. Determine h(-5).
1
Suppose -12 = -4*y - 4. Let a be 7 + (-1)/(y/6). Suppose 4*h - 3*i + 20 - 1 = 0, 25 = -5*h + a*i. Let o(f) = -8*f**3 + 2*f + 1. Determine o(h).
7
Let d(b) be the third derivative of -b**5/60 + b**4/3 - b**3/2 - 200*b**2. What is d(6)?
9
Let r(y) be the first derivative of -y**3/3 + 2*y**2 + 6*y - 130. Calculate r(-3).
-15
Let n(g) = -3*g + 18 - 9 - 4*g**2 - 1 + g**3 - 4*g + 2*g. Determine n(5).
8
Let g(d) = -7*d**2 + 0*d**2 + 5*d**2 - 2 - 7*d + 0*d**2. Let y(t) = -t**2 + 1. Let b(s) = g(s) - 3*y(s). Determine b(7).
-5
Let v(o) = 3*o + 12. Let g(h) = -8*h - 24. Let k(y) = 2*g(y) + 5*v(y). What is k(12)?
0
Let y(r) = r**3 + 2*r**2 - 4*r. Let k be y(-3). Let j(w) = 29*w**2 - 2*w**3 + 2*w + w**k - 32*w**2. What is j(-2)?
-8
Let s(a) = -2*a + 51. Let b = -2739 - -2760. What is s(b)?
9
Let n(l) = l**3 + 6*l**2 + 5*l + 4. Let o be n(-5). Let i = 11 - o. Let y be (-3)/i + 17/7. Let r(s) = 2*s**2 - s + 1. What is r(y)?
7
Let q(v) = 5*v**2 + 14*v - 10. Let k(n) = -14*n**2 - 41*n + 29. Let i(p) = -6*k(p) - 17*q(p). Determine i(8).
-4
Suppose -5*f - 707 = 2*f. Let i = -94 - f. Let o(n) = -n**2 + 5*n + 9. Determine o(i).
-5
Let v = -4 - -2. Let p(i) be the third derivative of -i**6/144 - i**5/40 + i**4/8 + 12*i**2. Let f(c) be the second derivative of p(c). Give f(v).
7
Suppose 0*q - 2*q - n - 37 = 0, 0 = 3*n + 15. Let u(p) = -5*p. Let h be u(4). Let t = q - h. Let d(j) = -3*j - 3. Calculate d(t).
-15
Let t(j) be the second derivative of -j**4/12 + 3*j**3/2 + 3*j**2 + 32*j + 2. Determine t(12).
-30
Let u(h) = -15*h + 48. Let w(d) = 3*d - 4. Let g(y) = -u(y) - 6*w(y). What is g(-12)?
12
Let t(d) be the third derivative of -d**7/280 + d**6/720 + 5*d**4/8 - 15*d**2. Let q(o) be the second derivative of t(o). What is q(1)?
-8
Let o be (576/56)/(-9) - (-1)/7. Let c(u) = 6*u**3 + u**2. Determine c(o).
-5
Let x(d) = -2*d - 34. Let r be x(-19). Suppose 4*l + 22 = 2*b, 3*l - 10 = -5*b + r*l. Let w(q) = 2*q**3 + q. Calculate w(b).
3
Let t(h) = -2*h**2 - 5*h - 2. Let d be t(-3). Let z(j) = 31*j - 2 - 6*j**2 - j**3 + 35*j - 70*j. Determine z(d).
-7
Let h = -56 - -61. Let m(y) = -11*y + 3 + 10*y - h*y + y**2. Give m(6).
3
Suppose 4*v + 6 = 7*v. Suppose 0 = -7*p + v*p. Suppose 2*n = x - p*x + 14, 0 = 3*x - 2*n + 26. Let f(o) = o - 5. Calculate f(x).
-11
Suppose -13*m = -10*m + 81. Let i be (m/(-6))/((-3)/6). Let a(h) = h**2 + 10*h + 7. What is a(i)?
-2
Let l(a) = -4*a - 5. Let r(g) = g. Let z(q) = -l(q) - 2*r(q). Let x be z(-4). Let s be (-3)/(x + 0) + -8. Let o(d) = d + 3. Determine o(s).
-4
Let h = -156 - -151. Let w(p) = p**2 - p. Let a(g) = -8*g - g**2 + 6 - 2*g**2 + 5*g**2. Let y(u) = a(u) - 3*w(u). What is y(h)?
6
Suppose 0 = -3*l + 12, -5*h + l + 11 = -0*l. Suppose 3*p + 2*u + 2*u - 17 = 0, 5*p - 21 = -h*u. Suppose p = 5*c - 2. Let j(s) = -4*s**3 + s**2 - 1. Give j(c).
-4
Suppose 3*f = f + 12. Let s(z) = -15 + 14 + f - z. What is s(6)?
-1
Let c = -1674 + 1681. Let y(z) = 8*z - 46. Give y(c).
10
Let r be ((-120)/(-100))/(9/75). Let a(d) = d + 1. Determine a(r).
11
Let p be 9/(-2)*14/(-21). Let x(y) = 2*y - 4 + p*y - 11*y + y**2. Let u be x(6). Let a(z) = z**2 + 5*z - 3. Give a(u).
-7
Let n = 786 - 786. Let j(t) be the first derivative of 0*t**3 - 5/4*t**4 + 7 - t + n*t**2. Give j(-1).
4
Let h(f) = 2*f + 9. Let n(s) = -4*s**2 + s + 14. Let t be n(6). Let w = -54 - t. Let v be (w/(-15))/((-6)/(-9)). What is h(v)?
-5
Let m = -14 - -19. Let v(s) = -m*s**2 + 5*s - 3*s**3 + s**3 - 1 - 2*s**3 + 3*s**3. Calculate v(-6).
5
Let x(z) = 28*z - 32. Let k be x(2). Suppose 0*w = 8*w + k. Let s(g) = 4 - g + 4*g - 2*g - 2*g**2. Determine s(w).
-17
Suppose 15*p - 8 = 11*p - 2*q, 0 = 5*p - 5*q - 10. Let l(i) = 3*i + 4. Calculate l(p).
10
Let i(w) be the second derivative of -w**3/3 - 5*w**2/2 + w. Let z(b) = b**2 + 22*b + 33. Let y be z(-20). What is i(y)?
9
Let l(m) = -m**3 - 5*m**2 - 2*m - 2. Let v = 10 - 0. Suppose 8*q - 4*q = 20. Let n = q - v. Determine l(n).
8
Let a(u) = 17 - 6*u - 2 + 2 + 7*u. Determine a(-12).
5
Let o be (-3 + 3)*2/4. Suppose -3*i - 2*i = o. Let q(f) = 2 + 2*f**2 - f**2 + 4*f + 0 + i. Give q(-5).
7
Let y(d) be the second derivative of -d**3/6 + d**2/2 - d - 171. Let b = 2 - 4. Let p = b - 2. Determine y(p).
5
Let a(g) = -g - 12. Let h be a(-9). Let l(k) = -k**2 + 10*k + 3. Let z be l(10). Let x(r) = 1 - r**2 + 1 + r**z + 4*r**2. Give x(h).
2
Let r(y) = y**2 + 4. Let u = -161 + 157. Calculate r(u).
20
Let w(y) = y**3 + 4*y**2 - y**2 + 2 + 6*y - 3*y. Let n(f) = f**2 - 3*f. Suppose 2*m + 3*h - 5 = -1, -5*m + 5*h + 10 = 0. Let z be n(m). Give w(z).
0
Let a(v) = v**2 + 6*v + 6. Let q(j) = -j**2 + 6*j + 10. Let k be q(7). Suppose r + 5 = -2*o + 13, -k*r - 12 = -3*o. Suppose r = 4*p + p + 25. Give a(p).
1
Let n be 3/5 + (-8)/(-20). Let l(m) = -15*m + 5. Let a(g) = 43*g - 14. Let f(b) = 6*a(b) + 17*l(b). Give f(n).
4
Suppose 43*u - 34*u - 36 = 0. Let l(w) = w + 4. Give l(u).
8
Let r(y) be the second derivative of -1/3*y**3 + 1/20*y**5 + 1/6*y**4 - 3/2*y**2 + 0 + 12*y. What is r(-2)?
1
Let h(d) be the second derivative of d**3 + 3*d**2 + 122*d. Let p = 6 + -10. Calculate h(p).
-18
Let g(r) = r**3 + 6*r**2 - 6*r + 6. Let p be g(-7). Let d(k) = -10*k + 8*k - 1 + 2*k**3 - 36*k**2 + 80*k**2 - 44*k**2. Calculate d(p).
-1
Let j(f) be the third derivative of f**4/8 - 4*f**3/3 + f**2 - 6. Calculate j(-7).
-29
Let o(y) = -y**3 + y**2 - 24 + 11 + 9*y**2 - 4*y - 2*y**2 - y. Calculate o(7).
1
Let z(h) = -3*h + 36